{"id":8,"date":"2018-04-14T18:59:01","date_gmt":"2018-04-14T16:59:01","guid":{"rendered":"http:\/\/parolesdhistoire.fr\/?page_id=8"},"modified":"2025-06-01T12:29:33","modified_gmt":"2025-06-01T10:29:33","slug":"a-propos-de","status":"publish","type":"page","link":"https:\/\/parolesdhistoire.fr\/","title":{"rendered":"\u00c0 propos"},"content":{"rendered":"<p>Bienvenue sur \u00ab\u00a0Paroles d\u2019histoire\u00a0\u00bb, un podcast lanc\u00e9 en avril 2018, ouvert \u00e0 <a href=\"http:\/\/parolesdhistoire.fr\/index.php\/liste-des-themes\/\">toutes les p\u00e9riodes<\/a> et toutes les approches qui permettent de r\u00e9fl\u00e9chir au pass\u00e9, et \u00e0 ses liens avec le pr\u00e9sent. En invitant des historiennes et des historiens on discute de livres r\u00e9cents ou classiques, d&#8217;historiographie et de m\u00e9thodologie, de d\u00e9bats et de controverses, et de tous les usages possibles de l\u2019histoire, des plus savants aux plus courants, \u00e0 l\u2019\u00e9cole, au mus\u00e9e, \u00e0 la <a href=\"http:\/\/parolesdhistoire.fr\/index.php\/films-series\/\">t\u00e9l\u00e9vision ou au cin\u00e9ma<\/a>, sur internet.<\/p>\n<p>Via l&#8217;oral, l&#8217;\u00e9crit reste au c\u0153ur de \u00ab paroles d\u2019histoire\u00a0\u00bb: lire, faire lire, donner des id\u00e9es de lecture, partager et discuter autour des livres en sont des buts essentiels. Pour cela, chaque \u00e9pisode se termine par un conseil de lecture, en histoire ou au-del\u00e0, que l&#8217;on retrouve sur le site, comme toutes les r\u00e9f\u00e9rences mentionn\u00e9es. La raison d&#8217;\u00eatre du podcast est <a href=\"http:\/\/parolesdhistoire.fr\/index.php\/2018\/04\/02\/0-presentation-de-paroles-dhistoire\/\">d\u00e9taill\u00e9e dans cette br\u00e8ve vid\u00e9o\u00a0<\/a> et dans le texte <a href=\"https:\/\/aggiornamento.hypotheses.org\/3938\">&#8220;Faire entendre l&#8217;histoire, hors de la tour d&#8217;ivoire&#8221;<\/a>.<\/p>\n<p>Tous les <a href=\"http:\/\/parolesdhistoire.fr\/index.php\/liste-des-episodes\/\">\u00e9pisodes<\/a> sont disponibles en t\u00e9l\u00e9chargement et en \u00e9coute directe, ainsi que sur <a href=\"https:\/\/www.youtube.com\/channel\/UCW3eBLb0SCIjA3mgNm-hmQw\">une cha\u00eene YouTube<\/a>, et il est possible de <a href=\"http:\/\/parolesdhistoire.fr\/index.php\/sabonner\/\">s&#8217;abonner<\/a> (iTunes, Spotify, Deezer, Stitcher, Google play, etc.). Nouveaux \u00e9pisodes tous les lundis.<\/p>\n<p>Remarques, questions, suggestions peuvent \u00eatre adress\u00e9es \u00e0 <a href=\"mailto:parolesdhistoire@gmail.com\">parolesdhistoire@gmail.com<\/a> ou sur Bluesky: <a href=\"https:\/\/bsky.app\/profile\/andreloez.bsky.social\">andreloez.bsky.social<\/a><\/p>\n<p>Podcast cr\u00e9\u00e9, produit et anim\u00e9 par <a href=\"http:\/\/parolesdhistoire.fr\/index.php\/presentation-bio-bibliographique-dandre-loez\/\">Andr\u00e9 Loez<\/a>, distribu\u00e9 par Binge Audio.<br \/>\nContact pub : <a href=\"mailto:project@binge.audio\">project@binge.audio<\/a><\/p>\n<p>Musique d&#8217;introduction\u00a0\u00a9\ufe0f 330 prod ; illustration\u00a0\u00a9\ufe0f Julie Decorru\u00e9e.<\/p>\n","protected":false},"excerpt":{"rendered":"<p>Bienvenue sur \u00ab\u00a0Paroles d\u2019histoire\u00a0\u00bb, un podcast lanc\u00e9 en avril 2018, ouvert \u00e0 toutes les p\u00e9riodes et toutes les approches qui permettent de r\u00e9fl\u00e9chir au pass\u00e9, et \u00e0 ses liens avec le pr\u00e9sent. En invitant des historiennes et des historiens on discute de livres r\u00e9cents ou classiques, d&#8217;historiographie et de m\u00e9thodologie, de d\u00e9bats et de controverses, &hellip; <a href=\"https:\/\/parolesdhistoire.fr\/\" class=\"more-link\">Continue reading<span class=\"screen-reader-text\"> &#8220;\u00c0 propos&#8221;<\/span><\/a><\/p>\n","protected":false},"author":1,"featured_media":0,"parent":0,"menu_order":0,"comment_status":"closed","ping_status":"closed","template":"","meta":{"footnotes":""},"class_list":["post-8","page","type-page","status-publish","hentry"],"_links":{"self":[{"href":"https:\/\/parolesdhistoire.fr\/index.php\/wp-json\/wp\/v2\/pages\/8","targetHints":{"allow":["GET"]}}],"collection":[{"href":"https:\/\/parolesdhistoire.fr\/index.php\/wp-json\/wp\/v2\/pages"}],"about":[{"href":"https:\/\/parolesdhistoire.fr\/index.php\/wp-json\/wp\/v2\/types\/page"}],"author":[{"embeddable":true,"href":"https:\/\/parolesdhistoire.fr\/index.php\/wp-json\/wp\/v2\/users\/1"}],"replies":[{"embeddable":true,"href":"https:\/\/parolesdhistoire.fr\/index.php\/wp-json\/wp\/v2\/comments?post=8"}],"version-history":[{"count":21,"href":"https:\/\/parolesdhistoire.fr\/index.php\/wp-json\/wp\/v2\/pages\/8\/revisions"}],"predecessor-version":[{"id":3062,"href":"https:\/\/parolesdhistoire.fr\/index.php\/wp-json\/wp\/v2\/pages\/8\/revisions\/3062"}],"wp:attachment":[{"href":"https:\/\/parolesdhistoire.fr\/index.php\/wp-json\/wp\/v2\/media?parent=8"}],"curies":[{"name":"wp","href":"https:\/\/api.w.org\/{rel}","templated":true}]}}